x = 51. What is the tens digit of x?
5
Let m(h) = -3*h**3 - 3*h**2 + 3*h + 2. Let c(n) = 2*n**3 + 2*n**2 - 2*n - 1. Let x(r) = 5*c(r) + 3*m(r). What is the units digit of x(1)?
2
Suppose 0 = 5*h - h + 16. Let m be ((-6)/9)/((-2)/(-18)). Let i = h - m. What is the units digit of i?
2
Suppose -13 = q - 4. Let u be ((-2)/6)/(q/54). What is the units digit of 7/((u/(-4))/(-1))?
4
Suppose 2*t + 0*t = 8. Suppose h + 1 = 4. Let m = h + t. What is the units digit of m?
7
Let v(g) = -g**2 + 5*g + 5. Let h(b) = -41*b + 1. Let u be h(-1). Let a be (-2)/3 + u/9. What is the units digit of v(a)?
9
Let o(w) = 37*w + 63. What is the tens digit of o(7)?
2
Suppose 4*q + 17 = -11. Let l be (-2 - 0) + 1 - q. Suppose z + l = 4*z. What is the units digit of z?
2
Let w be (24/(-2))/(4 - 6). Let t(j) = 17*j + 5. Let h(k) = -4*k - 1. Let f(s) = -9*h(s) - 2*t(s). What is the tens digit of f(w)?
1
Let g(q) = -2*q**2 + 3*q - 1. Let o be g(2). What is the units digit of -2*1/(o/6)?
4
Suppose b - 11 = -6. Suppose 4*l + 28 = b*l. What is the units digit of l?
8
Let s = 2 - 2. Suppose -56 = -3*m + q, -2*q - 93 = -5*m - s*m. What is the units digit of m?
9
Let k = -16 - -25. What is the units digit of k?
9
Suppose 3*a = -2*u - 2, -u - 5*a = 18 - 3. What is the units digit of u?
5
Let g(q) = -q**2 - 7*q + 2. Let b be g(-7). Let k(m) = -4*m + b*m - 4*m. What is the units digit of k(-1)?
6
Let w = -6 + 10. Suppose 2*v + 5*h = 8 + 10, -3*h = w*v - 22. What is the units digit of v?
4
Let f(h) = -21*h - 12. What is the units digit of f(-6)?
4
Let d(r) = r - 2. Let w be d(8). Suppose -o - 5*y = -2, y + y = -w. What is the units digit of o?
7
Let p(i) = -i**3 + i**2 + i. Let q be p(0). Suppose 2*c = -2*s + 60, q = -4*s - 3 - 5. What is the units digit of c?
2
Let q be ((11 - 3) + -2)/2. Suppose 3*g - q - 6 = 0. What is the units digit of g?
3
Let j(a) = -2 - 7*a + 10*a - 6. What is the units digit of j(6)?
0
Let d(y) = y. Let l(g) = 2*g - 14. Let m(j) = 3*d(j) - l(j). Let i(c) = -c**2 + c + 5. Let x be i(-3). What is the units digit of m(x)?
7
Suppose 0 = -y - y + 20. What is the units digit of y?
0
Let h(u) = -u**2 + 6*u + 14. What is the tens digit of h(6)?
1
Suppose -2*f + 35 = 3*f. Let u = f + -5. Suppose 0*k + 8 = 4*k - u*m, 3*k = 3*m + 3. What is the units digit of k?
3
Suppose 4*z - 448 = -2*b - 18, -2*z + 4*b + 230 = 0. What is the units digit of z?
9
Let m(a) = a - 1. Let r(y) = -3*y**3 - y**2 - y - 1. Let x be r(-1). Let b be m(x). Let l = 8 + b. What is the units digit of l?
9
Let y be (-3)/9 - (-10)/3. Suppose -11 = 2*z - y*z. What is the units digit of z?
1
Let c be (2 + -2)/(1 + -2). What is the units digit of (-1)/(-2)*c + 3?
3
Let h = -13 + 3. Suppose 220 = 5*a + 5*a. Let p = a + h. What is the units digit of p?
2
Let p = 13 - 6. Suppose -f = -2*u - p + 2, 0 = 3*f + 3*u - 51. What is the tens digit of f?
1
What is the units digit of 2 - (-12)/(-9) - 793/(-3)?
5
Let b = 2 + -2. Suppose b*i = -2*i - 32. What is the tens digit of (2 - i) + -4 + 1?
1
What is the hundreds digit of (-933)/(-14)*2 - (-6)/(-21)?
1
Let z(b) = b**2 + 10*b + 8. Let n be z(-11). Suppose -13 = -c + n. What is the units digit of c?
2
Let m(a) = 4*a - a + 0*a + 1. Let j be m(2). What is the units digit of (j/4)/(4/16)?
7
What is the tens digit of 1 - ((0 - -2) + -23)?
2
Suppose g - 2 = 11. Suppose n - g = 1. What is the units digit of n?
4
Suppose -4*s - 11*t + 326 = -9*t, 4*s - 3*t - 341 = 0. What is the units digit of s?
3
Let h(t) = -t**3 - 7*t**2 + 7*t - 4. Let m be h(-8). Suppose 7 = 5*l - 3*x - 2, -m*l - 2*x = -16. What is the tens digit of (-19)/((-3)/(l/1))?
1
Let a = 97 - 41. What is the tens digit of a?
5
Let k = 15 - 10. Let v(r) = -r + 7. Let i be v(k). Suppose 4*z = -a + 5*z + 10, 4*a - 16 = -i*z. What is the units digit of a?
6
Suppose 2*w - 3 = 3. Let o(b) be the first derivative of -b**4/4 + 4*b**3/3 + b**2 - 3*b + 1. What is the units digit of o(w)?
2
Let t(o) = o**3 - 6*o**2 + 13*o + 6. Let q(v) = -4*v**3 + 17*v**2 - 38*v - 19. Let z(y) = 2*q(y) + 7*t(y). What is the units digit of z(-10)?
4
Suppose 0 = -y + 2*v + 37, 4*y - 2*v + 4*v = 198. What is the tens digit of y?
4
Let q(w) be the first derivative of -w**2/2 + 8*w + 3. What is the units digit of q(5)?
3
Suppose 0 = x + 4*b - 7, 0 = -2*x - 2*b + 5 + 3. Let r(k) = -k + 7. Let n be r(x). Suppose n*a - 5*a = -9. What is the units digit of a?
9
Suppose -p + 2*s = 4, 0 = -3*p + 2*s - 4*s - 28. Let b = -6 - p. What is the units digit of b?
2
Let h be 4 + -6 - (-4 - 0). Suppose -38 = -5*y - z, -2*z - h = -2*y + 2*z. What is the units digit of y?
7
Let s be 3 + (-7)/2*-10. Let w = s + -26. What is the tens digit of w?
1
Suppose 5*x + 15 = 4*k, -4*k = 2*x + x + 9. Let b = 38 + k. What is the units digit of b?
8
Let b(m) = m**3 - 3*m**2 - 3*m - 1. Let x be b(4). Suppose -4*n + 5*s - 17 + 75 = 0, 5*s + 46 = x*n. What is the tens digit of n?
1
Suppose -5*a - 2*o = 2, 2*o - 24 = 2*a - 3*o. Suppose -6*t + 3*t - 45 = 0. What is the units digit of (-2)/(t/6 - a)?
4
Suppose 2*t - 4 - 2 = 0, 3*l + t = 132. What is the tens digit of l?
4
What is the units digit of ((-105)/6)/((-38)/12 + 3)?
5
What is the tens digit of (79/4)/(1/4)?
7
Suppose 0 = -2*g - g + 5*p + 1, -p = -2*g - 4. Let f = 1 - g. Suppose -11 = -l + 2*o, 0 = -f*l - 0*o - 3*o + 11. What is the units digit of l?
5
Suppose -4*z = 16, 0*t - t + z = -24. What is the units digit of (t/(-8))/(2/(-4))?
5
Let w(o) = 122*o**2 + 8*o + 7. What is the units digit of w(-1)?
1
Suppose 0 = 4*b - 12, 0 - 16 = -m - 2*b. What is the units digit of m?
0
What is the units digit of 13/((-39)/(-264))*(-2)/(-4)?
4
Suppose -5*s + 394 = f, -s + 6 = f - 76. What is the tens digit of s?
7
Suppose -b + 13 + 0 = 0. Let p = 23 + b. What is the tens digit of p?
3
Let q be (-7 - -4)*(-138)/9. Let h = q - -6. What is the tens digit of h?
5
Suppose 0 = 2*q - 3*i - 170, -2*i = 2*i + 16. Let b = -51 + q. What is the units digit of b?
8
Let j be -1 - 6 - (-4 + 3). Let s(c) = 0*c + 4*c + 3 + c**2 - 11. What is the units digit of s(j)?
4
Let g(p) be the second derivative of -p**5/10 + p**4/4 + 5*p**3/6 - 2*p**2 + 3*p. Let n be g(3). Let i = -3 - n. What is the units digit of i?
3
Let n(c) be the first derivative of -2 + 5/2*c**2 - 4/3*c**3 - 5*c + 1/4*c**4. What is the units digit of n(4)?
5
Suppose -2*c + 2 = -2*o + o, 5*c - 12 = -o. What is the units digit of o?
2
Let j be (1 + -2)*124/(-4). Suppose 2*s - 2*i = 3*i + j, 4*s = 5*i + 67. What is the tens digit of s?
1
Suppose 5 = 4*n - 15. Suppose n*o + 3*c - 9 = 0, -2*c = -4*o + c + 18. What is the units digit of o?
3
What is the tens digit of 4/(-10) - 568/(-20)?
2
Suppose 2*v - 2*c - 21 = 11, -v - 4*c + 26 = 0. What is the tens digit of v?
1
Suppose -6*c + 5130 = 9*c. What is the hundreds digit of c?
3
Suppose x - 24 = -4*k + 3*x, -4*k - 5*x - 4 = 0. Let g be 2*(44/8 - 3). Suppose -5*q + k*w = -6 - 1, -5*q = g*w - 25. What is the units digit of q?
3
Let y(m) = -2*m**2 - 6*m + 4. Let w(c) = -3*c**2 - 12*c + 7. Let i(k) = -3*w(k) + 5*y(k). Let f(q) = -q + 10. Let t be f(6). What is the units digit of i(t)?
7
Let a(b) = -b**3 - 6*b**2 - 7*b - 7. Let j be a(-5). What is the units digit of (-1)/(-2) - j/(-2)?
2
Let s = -17 - -32. Suppose -3*u = -s, -4*z + 12 + 9 = u. What is the units digit of z?
4
Let a(c) be the second derivative of c**3/3 - 3*c**2 + c. Let g(p) = p - 6. Let i(y) = -3*a(y) + 4*g(y). What is the units digit of i(-7)?
8
Let q(n) = n**3 - 7*n**2 - 10*n - 7. What is the tens digit of q(10)?
9
Let x(s) = 1. Let m(p) = -3*p + 16. Let z(t) = m(t) - 5*x(t). What is the units digit of z(-8)?
5
Suppose -16 = 2*y - 6*y. Suppose 4*f - 136 = -f + y*x, 4*x = -5*f + 104. What is the units digit of f?
4
Let t(b) = -b**2 + 27*b - 42. What is the units digit of t(17)?
8
Suppose 5*z = 3*j - 30, -2*j - 4*z = 2*j - 8. Let t = j - 3. Suppose 3 = 3*q - p - t*p, -3*p + 4 = 4*q. What is the units digit of q?
1
Let f(l) = -l - 2. Let y = -7 - -27. Suppose 5 = -5*b - y. What is the units digit of f(b)?
3
Let o be (2 - 1)/(9/45). Let a = 20 + -13. Suppose 0 = o*s - 52 + a. What is the units digit of s?
9
Let x = 205 - 130. What is the tens digit of x?
7
Let m be (1 - (1 + 1))*-7. Let v(q) = -q**3 + 8*q**2 + 2*q + 9. Let d be v(m). Suppose d = 4*l + 2*n, 57 = 2*l + 5*n + 13. W